{"id":1318,"date":"2021-11-21T15:12:46","date_gmt":"2021-11-21T15:12:46","guid":{"rendered":"https:\/\/tabernadiez.es\/index.php\/home\/"},"modified":"2023-11-05T22:47:52","modified_gmt":"2023-11-05T22:47:52","slug":"home","status":"publish","type":"page","link":"https:\/\/tabernadiez.es\/","title":{"rendered":"Home"},"content":{"rendered":"<style>\/*! elementor - v3.7.8 - 02-10-2022 *\/\n.elementor-widget-image{text-align:center}.elementor-widget-image a{display:inline-block}.elementor-widget-image a img[src$=\".svg\"]{width:48px}.elementor-widget-image img{vertical-align:middle;display:inline-block}<\/style>\n<p>\t\t\t\t\t\t\t\t\t\t\t\t<img decoding=\"async\" width=\"600\" height=\"220\" src=\"https:\/\/tabernadiez.es\/wp-content\/uploads\/2022\/08\/cropped-tabernadiez_portada.png\" alt=\"\" loading=\"lazy\" srcset=\"https:\/\/tabernadiez.es\/wp-content\/uploads\/2022\/08\/cropped-tabernadiez_portada.png 600w, https:\/\/tabernadiez.es\/wp-content\/uploads\/2022\/08\/cropped-tabernadiez_portada-300x110.png 300w, https:\/\/tabernadiez.es\/wp-content\/uploads\/2022\/08\/cropped-tabernadiez_portada-170x62.png 170w\" sizes=\"auto, (max-width: 600px) 100vw, 600px\" \/>\t\t\t\t\t\t\t\t\t\t\t\t\t\t\t<\/p>\n<style>\/*! elementor - v3.7.8 - 02-10-2022 *\/\n.elementor-heading-title{padding:0;margin:0;line-height:1}.elementor-widget-heading .elementor-heading-title[class*=elementor-size-]>a{color:inherit;font-size:inherit;line-height:inherit}.elementor-widget-heading .elementor-heading-title.elementor-size-small{font-size:15px}.elementor-widget-heading .elementor-heading-title.elementor-size-medium{font-size:19px}.elementor-widget-heading .elementor-heading-title.elementor-size-large{font-size:29px}.elementor-widget-heading .elementor-heading-title.elementor-size-xl{font-size:39px}.elementor-widget-heading .elementor-heading-title.elementor-size-xxl{font-size:59px}<\/style>\n<h1>Tradici\u00f3n Mediterr\u00e1nea y Modernidad.<\/h1>\n<p>\t\t\t<a href=\"tel:+34689435537\" role=\"button\"><br \/>\n\t\t\t\t\t\tRESERVAR<br \/>\n\t\t\t\t\t<\/a><\/p>\n<h2>EL RESTAURANTE<\/h2>\n<h5>Con un Diez como lema y objetivo<\/h5>\n<p>\t\t\t\t\t\t\t\t\t\t\t\t\t\t\t<img decoding=\"async\" width=\"1229\" height=\"1536\" src=\"https:\/\/tabernadiez.es\/wp-content\/uploads\/2023\/11\/0AB439D6-4140-4905-96A5-D0F6B0AFC29B-1229x1536.jpg\" alt=\"\" loading=\"lazy\" srcset=\"https:\/\/tabernadiez.es\/wp-content\/uploads\/2023\/11\/0AB439D6-4140-4905-96A5-D0F6B0AFC29B-1229x1536.jpg 1229w, https:\/\/tabernadiez.es\/wp-content\/uploads\/2023\/11\/0AB439D6-4140-4905-96A5-D0F6B0AFC29B-240x300.jpg 240w, https:\/\/tabernadiez.es\/wp-content\/uploads\/2023\/11\/0AB439D6-4140-4905-96A5-D0F6B0AFC29B-819x1024.jpg 819w, https:\/\/tabernadiez.es\/wp-content\/uploads\/2023\/11\/0AB439D6-4140-4905-96A5-D0F6B0AFC29B-768x960.jpg 768w, https:\/\/tabernadiez.es\/wp-content\/uploads\/2023\/11\/0AB439D6-4140-4905-96A5-D0F6B0AFC29B-1638x2048.jpg 1638w, https:\/\/tabernadiez.es\/wp-content\/uploads\/2023\/11\/0AB439D6-4140-4905-96A5-D0F6B0AFC29B-scaled.jpg 2048w\" sizes=\"auto, (max-width: 1229px) 100vw, 1229px\" \/>\t\t\t\t\t\t\t\t\t\t\t\t\t\t\t<\/p>\n<p>Hace ya cuatro a\u00f1os en los que decidimos dar un cambio de rumbo en nuestro concepto gastron\u00f3mico, acerc\u00e1ndonos a la idea de fusionar <strong>tradici\u00f3n mediterr\u00e1nea y modernidad.<\/strong><\/p>\n<p>Situados en el marco incomparable que ofrece nuestra ciudad de <strong>Estepona<\/strong> ( Jard\u00edn de la Costa del Sol), y muy cerca de la brisa mediterr\u00e1nea nos abrimos a todos en una de las calles peatonales mas bonitas de nuestra ciudad, la <strong>calle Real<\/strong>, un lugar tranquilo donde relajarse con la familia o amigos.<\/p>\n<p><strong>Con un Diez como lema y objetivo<\/strong> , con la esencia y el alma con los que <strong>Reme P\u00e9rez<\/strong> impregna todos los negocios que emprende, y contando con el apoyo de su hermano <strong>David<\/strong>, nuestra taberna ofrece <strong>productos de la m\u00e1xima calidad<\/strong> en <strong>pescados y mariscos<\/strong> tra\u00eddos diariamente de la Lonja de M\u00e1laga y de los barcos que faenan en nuestra costa esteponera.<\/p>\n<p><strong>La Carne de tradici\u00f3n<\/strong> la recibimos de Galicia y de nuestra cercana C\u00e1diz.<br \/><strong>Nuestros postres<\/strong> realizados en nuestra pasteler\u00eda, siguiendo las <strong>recetas t\u00edpicas<\/strong> que heredamos de nuestra familia son un manjar que har\u00e1 endulzar la estancia en nuestra taberna.<br \/>Cuando te vuelvas a tu casa, nunca nos olvidar\u00e1s porque <strong>el amor y cari\u00f1o<\/strong> que ponemos en nuestros platos y <strong>el servicio<\/strong> de todos los trabajadores que forman esta empresa, son inolvidables.<\/p>\n<p style=\"text-align: center;\"><em>Esperamos veros pronto y compartir esta experiencia que no se te olvidar\u00e1<\/em><\/p>\n<p>\t\t\t\t\t\t\t\t\t\t\t\t\t\t\t<img decoding=\"async\" width=\"768\" height=\"1024\" src=\"https:\/\/tabernadiez.es\/wp-content\/uploads\/2023\/11\/IMG_0014-768x1024.jpeg\" alt=\"\" loading=\"lazy\" srcset=\"https:\/\/tabernadiez.es\/wp-content\/uploads\/2023\/11\/IMG_0014-768x1024.jpeg 768w, https:\/\/tabernadiez.es\/wp-content\/uploads\/2023\/11\/IMG_0014-225x300.jpeg 225w, https:\/\/tabernadiez.es\/wp-content\/uploads\/2023\/11\/IMG_0014-1152x1536.jpeg 1152w, https:\/\/tabernadiez.es\/wp-content\/uploads\/2023\/11\/IMG_0014-1536x2048.jpeg 1536w, https:\/\/tabernadiez.es\/wp-content\/uploads\/2023\/11\/IMG_0014-scaled.jpeg 1920w\" sizes=\"auto, (max-width: 768px) 100vw, 768px\" \/><br \/>\n\t\t\t\t\t\t\t\t\t\t\t\t\t\t\t<img decoding=\"async\" width=\"768\" height=\"1024\" src=\"https:\/\/tabernadiez.es\/wp-content\/uploads\/2023\/11\/ff-768x1024.jpg\" alt=\"\" loading=\"lazy\" srcset=\"https:\/\/tabernadiez.es\/wp-content\/uploads\/2023\/11\/ff-768x1024.jpg 768w, https:\/\/tabernadiez.es\/wp-content\/uploads\/2023\/11\/ff-225x300.jpg 225w, https:\/\/tabernadiez.es\/wp-content\/uploads\/2023\/11\/ff-1152x1536.jpg 1152w, https:\/\/tabernadiez.es\/wp-content\/uploads\/2023\/11\/ff-1536x2048.jpg 1536w, https:\/\/tabernadiez.es\/wp-content\/uploads\/2023\/11\/ff-scaled.jpg 1920w\" sizes=\"auto, (max-width: 768px) 100vw, 768px\" \/>\t\t\t\t\t\t\t\t\t\t\t\t\t\t\t<\/p>\n<h1>Hablamos el lenguaje de la buena comida.<\/h1>\n<h2>Nuestra Carta<\/h2>\n<style>\/*! elementor - v3.7.8 - 02-10-2022 *\/\n.elementor-widget-divider{--divider-border-style:none;--divider-border-width:1px;--divider-color:#2c2c2c;--divider-icon-size:20px;--divider-element-spacing:10px;--divider-pattern-height:24px;--divider-pattern-size:20px;--divider-pattern-url:none;--divider-pattern-repeat:repeat-x}.elementor-widget-divider .elementor-divider{display:-webkit-box;display:-ms-flexbox;display:flex}.elementor-widget-divider .elementor-divider__text{font-size:15px;line-height:1;max-width:95%}.elementor-widget-divider .elementor-divider__element{margin:0 var(--divider-element-spacing);-ms-flex-negative:0;flex-shrink:0}.elementor-widget-divider .elementor-icon{font-size:var(--divider-icon-size)}.elementor-widget-divider .elementor-divider-separator{display:-webkit-box;display:-ms-flexbox;display:flex;margin:0;direction:ltr}.elementor-widget-divider--view-line_icon .elementor-divider-separator,.elementor-widget-divider--view-line_text .elementor-divider-separator{-webkit-box-align:center;-ms-flex-align:center;align-items:center}.elementor-widget-divider--view-line_icon .elementor-divider-separator:after,.elementor-widget-divider--view-line_icon .elementor-divider-separator:before,.elementor-widget-divider--view-line_text .elementor-divider-separator:after,.elementor-widget-divider--view-line_text .elementor-divider-separator:before{display:block;content:\"\";border-bottom:0;-webkit-box-flex:1;-ms-flex-positive:1;flex-grow:1;border-top:var(--divider-border-width) var(--divider-border-style) var(--divider-color)}.elementor-widget-divider--element-align-left .elementor-divider .elementor-divider-separator>.elementor-divider__svg:first-of-type{-webkit-box-flex:0;-ms-flex-positive:0;flex-grow:0;-ms-flex-negative:100;flex-shrink:100}.elementor-widget-divider--element-align-left .elementor-divider-separator:before{content:none}.elementor-widget-divider--element-align-left .elementor-divider__element{margin-left:0}.elementor-widget-divider--element-align-right .elementor-divider .elementor-divider-separator>.elementor-divider__svg:last-of-type{-webkit-box-flex:0;-ms-flex-positive:0;flex-grow:0;-ms-flex-negative:100;flex-shrink:100}.elementor-widget-divider--element-align-right .elementor-divider-separator:after{content:none}.elementor-widget-divider--element-align-right .elementor-divider__element{margin-right:0}.elementor-widget-divider:not(.elementor-widget-divider--view-line_text):not(.elementor-widget-divider--view-line_icon) .elementor-divider-separator{border-top:var(--divider-border-width) var(--divider-border-style) var(--divider-color)}.elementor-widget-divider--separator-type-pattern{--divider-border-style:none}.elementor-widget-divider--separator-type-pattern.elementor-widget-divider--view-line .elementor-divider-separator,.elementor-widget-divider--separator-type-pattern:not(.elementor-widget-divider--view-line) .elementor-divider-separator:after,.elementor-widget-divider--separator-type-pattern:not(.elementor-widget-divider--view-line) .elementor-divider-separator:before,.elementor-widget-divider--separator-type-pattern:not([class*=elementor-widget-divider--view]) .elementor-divider-separator{width:100%;min-height:var(--divider-pattern-height);-webkit-mask-size:var(--divider-pattern-size) 100%;mask-size:var(--divider-pattern-size) 100%;-webkit-mask-repeat:var(--divider-pattern-repeat);mask-repeat:var(--divider-pattern-repeat);background-color:var(--divider-color);-webkit-mask-image:var(--divider-pattern-url);mask-image:var(--divider-pattern-url)}.elementor-widget-divider--no-spacing{--divider-pattern-size:auto}.elementor-widget-divider--bg-round{--divider-pattern-repeat:round}.rtl .elementor-widget-divider .elementor-divider__text{direction:rtl}.e-container>.elementor-widget-divider{width:var(--container-widget-width,100%);--flex-grow:var(--container-widget-flex-grow,0)}<\/style>\n<h6>Pulsa aqui abajo para verla.<\/h6>\n<p>\t\t\t\t\t\t\t\t\t\t\t\t\t\t\t\t<a href=\"https:\/\/tabernadiez.es\/wp-content\/uploads\/2023\/11\/CARTA.pdf\" target=\"_blank\" rel=\"noopener\"><br \/>\n\t\t\t\t\t\t\t<img decoding=\"async\" width=\"595\" height=\"841\" src=\"https:\/\/tabernadiez.es\/wp-content\/uploads\/2022\/10\/CARTA-PORTADA-LOGO.jpg\" alt=\"\" loading=\"lazy\" srcset=\"https:\/\/tabernadiez.es\/wp-content\/uploads\/2022\/10\/CARTA-PORTADA-LOGO.jpg 595w, https:\/\/tabernadiez.es\/wp-content\/uploads\/2022\/10\/CARTA-PORTADA-LOGO-212x300.jpg 212w\" sizes=\"auto, (max-width: 595px) 100vw, 595px\" \/>\t\t\t\t\t\t\t\t<\/a><\/p>\n<h2>Galer\u00eda<\/h2>\n<style>\/*! elementor - v3.7.8 - 02-10-2022 *\/\n.elementor-image-gallery .gallery-item{display:inline-block;text-align:center;vertical-align:top;width:100%;max-width:100%;margin:0 auto}.elementor-image-gallery .gallery-item img{margin:0 auto}.elementor-image-gallery .gallery-item .gallery-caption{margin:0}.elementor-image-gallery figure img{display:block}.elementor-image-gallery figure figcaption{width:100%}.gallery-spacing-custom .elementor-image-gallery .gallery-icon{padding:0}@media (min-width:768px){.elementor-image-gallery .gallery-columns-2 .gallery-item{max-width:50%}.elementor-image-gallery .gallery-columns-3 .gallery-item{max-width:33.33%}.elementor-image-gallery .gallery-columns-4 .gallery-item{max-width:25%}.elementor-image-gallery .gallery-columns-5 .gallery-item{max-width:20%}.elementor-image-gallery .gallery-columns-6 .gallery-item{max-width:16.666%}.elementor-image-gallery .gallery-columns-7 .gallery-item{max-width:14.28%}.elementor-image-gallery .gallery-columns-8 .gallery-item{max-width:12.5%}.elementor-image-gallery .gallery-columns-9 .gallery-item{max-width:11.11%}.elementor-image-gallery .gallery-columns-10 .gallery-item{max-width:10%}}@media (min-width:480px) and (max-width:767px){.elementor-image-gallery .gallery.gallery-columns-2 .gallery-item,.elementor-image-gallery .gallery.gallery-columns-3 .gallery-item,.elementor-image-gallery .gallery.gallery-columns-4 .gallery-item,.elementor-image-gallery .gallery.gallery-columns-5 .gallery-item,.elementor-image-gallery .gallery.gallery-columns-6 .gallery-item,.elementor-image-gallery .gallery.gallery-columns-7 .gallery-item,.elementor-image-gallery .gallery.gallery-columns-8 .gallery-item,.elementor-image-gallery .gallery.gallery-columns-9 .gallery-item,.elementor-image-gallery .gallery.gallery-columns-10 .gallery-item{max-width:50%}}@media (max-width:479px){.elementor-image-gallery .gallery.gallery-columns-2 .gallery-item,.elementor-image-gallery .gallery.gallery-columns-3 .gallery-item,.elementor-image-gallery .gallery.gallery-columns-4 .gallery-item,.elementor-image-gallery .gallery.gallery-columns-5 .gallery-item,.elementor-image-gallery .gallery.gallery-columns-6 .gallery-item,.elementor-image-gallery .gallery.gallery-columns-7 .gallery-item,.elementor-image-gallery .gallery.gallery-columns-8 .gallery-item,.elementor-image-gallery .gallery.gallery-columns-9 .gallery-item,.elementor-image-gallery .gallery.gallery-columns-10 .gallery-item{max-width:100%}}<\/style>\n<figure class='gallery-item'>\n\t\t\t\t<a data-elementor-open-lightbox=\"yes\" data-elementor-lightbox-slideshow=\"ec25d91\" data-elementor-lightbox-title=\"tabernadiez3\" e-action-hash=\"#elementor-action%3Aaction%3Dlightbox%26settings%3DeyJpZCI6MTM3NSwidXJsIjoiaHR0cHM6XC9cL3RhYmVybmFkaWV6LmVzXC93cC1jb250ZW50XC91cGxvYWRzXC8yMDIyXC8wOFwvdGFiZXJuYWRpZXozLmpwZyIsInNsaWRlc2hvdyI6ImVjMjVkOTEifQ%3D%3D\" href='https:\/\/tabernadiez.es\/wp-content\/uploads\/2022\/08\/tabernadiez3.jpg'><img width=\"602\" height=\"1024\" src=\"https:\/\/tabernadiez.es\/wp-content\/uploads\/2022\/08\/tabernadiez3-602x1024.jpg\" alt=\"\" decoding=\"async\" loading=\"lazy\" srcset=\"https:\/\/tabernadiez.es\/wp-content\/uploads\/2022\/08\/tabernadiez3-602x1024.jpg 602w, https:\/\/tabernadiez.es\/wp-content\/uploads\/2022\/08\/tabernadiez3-176x300.jpg 176w, https:\/\/tabernadiez.es\/wp-content\/uploads\/2022\/08\/tabernadiez3-768x1306.jpg 768w, https:\/\/tabernadiez.es\/wp-content\/uploads\/2022\/08\/tabernadiez3.jpg 816w\" sizes=\"auto, (max-width: 602px) 100vw, 602px\" \/><\/a><br \/>\n\t\t\t<\/figure>\n<figure class='gallery-item'>\n\t\t\t\t<a data-elementor-open-lightbox=\"yes\" data-elementor-lightbox-slideshow=\"ec25d91\" data-elementor-lightbox-title=\"tabernadiez4\" e-action-hash=\"#elementor-action%3Aaction%3Dlightbox%26settings%3DeyJpZCI6MTM3NCwidXJsIjoiaHR0cHM6XC9cL3RhYmVybmFkaWV6LmVzXC93cC1jb250ZW50XC91cGxvYWRzXC8yMDIyXC8wOFwvdGFiZXJuYWRpZXo0LmpwZyIsInNsaWRlc2hvdyI6ImVjMjVkOTEifQ%3D%3D\" href='https:\/\/tabernadiez.es\/wp-content\/uploads\/2022\/08\/tabernadiez4.jpg'><img width=\"572\" height=\"1024\" src=\"https:\/\/tabernadiez.es\/wp-content\/uploads\/2022\/08\/tabernadiez4-572x1024.jpg\" alt=\"\" decoding=\"async\" loading=\"lazy\" srcset=\"https:\/\/tabernadiez.es\/wp-content\/uploads\/2022\/08\/tabernadiez4-572x1024.jpg 572w, https:\/\/tabernadiez.es\/wp-content\/uploads\/2022\/08\/tabernadiez4-168x300.jpg 168w, https:\/\/tabernadiez.es\/wp-content\/uploads\/2022\/08\/tabernadiez4-768x1375.jpg 768w, https:\/\/tabernadiez.es\/wp-content\/uploads\/2022\/08\/tabernadiez4.jpg 810w\" sizes=\"auto, (max-width: 572px) 100vw, 572px\" \/><\/a><br \/>\n\t\t\t<\/figure>\n<figure class='gallery-item'>\n\t\t\t\t<a data-elementor-open-lightbox=\"yes\" data-elementor-lightbox-slideshow=\"ec25d91\" data-elementor-lightbox-title=\"tabernadiez5\" e-action-hash=\"#elementor-action%3Aaction%3Dlightbox%26settings%3DeyJpZCI6MTM2MSwidXJsIjoiaHR0cHM6XC9cL3RhYmVybmFkaWV6LmVzXC93cC1jb250ZW50XC91cGxvYWRzXC8yMDIyXC8wOFwvdGFiZXJuYWRpZXo1LmpwZyIsInNsaWRlc2hvdyI6ImVjMjVkOTEifQ%3D%3D\" href='https:\/\/tabernadiez.es\/wp-content\/uploads\/2022\/08\/tabernadiez5.jpg'><img width=\"769\" height=\"1024\" src=\"https:\/\/tabernadiez.es\/wp-content\/uploads\/2022\/08\/tabernadiez5-769x1024.jpg\" alt=\"\" decoding=\"async\" loading=\"lazy\" srcset=\"https:\/\/tabernadiez.es\/wp-content\/uploads\/2022\/08\/tabernadiez5-769x1024.jpg 769w, https:\/\/tabernadiez.es\/wp-content\/uploads\/2022\/08\/tabernadiez5-225x300.jpg 225w, https:\/\/tabernadiez.es\/wp-content\/uploads\/2022\/08\/tabernadiez5-768x1023.jpg 768w, https:\/\/tabernadiez.es\/wp-content\/uploads\/2022\/08\/tabernadiez5.jpg 1054w\" sizes=\"auto, (max-width: 769px) 100vw, 769px\" \/><\/a><br \/>\n\t\t\t<\/figure>\n<figure class='gallery-item'>\n\t\t\t\t<a data-elementor-open-lightbox=\"yes\" data-elementor-lightbox-slideshow=\"ec25d91\" data-elementor-lightbox-title=\"postre\" e-action-hash=\"#elementor-action%3Aaction%3Dlightbox%26settings%3DeyJpZCI6MTM2NCwidXJsIjoiaHR0cHM6XC9cL3RhYmVybmFkaWV6LmVzXC93cC1jb250ZW50XC91cGxvYWRzXC8yMDIyXC8wOFwvcG9zdHJlLmpwZyIsInNsaWRlc2hvdyI6ImVjMjVkOTEifQ%3D%3D\" href='https:\/\/tabernadiez.es\/wp-content\/uploads\/2022\/08\/postre.jpg'><img width=\"765\" height=\"1024\" src=\"https:\/\/tabernadiez.es\/wp-content\/uploads\/2022\/08\/postre-765x1024.jpg\" alt=\"\" decoding=\"async\" loading=\"lazy\" srcset=\"https:\/\/tabernadiez.es\/wp-content\/uploads\/2022\/08\/postre-765x1024.jpg 765w, https:\/\/tabernadiez.es\/wp-content\/uploads\/2022\/08\/postre-224x300.jpg 224w, https:\/\/tabernadiez.es\/wp-content\/uploads\/2022\/08\/postre-768x1027.jpg 768w, https:\/\/tabernadiez.es\/wp-content\/uploads\/2022\/08\/postre.jpg 1048w\" sizes=\"auto, (max-width: 765px) 100vw, 765px\" \/><\/a><br \/>\n\t\t\t<\/figure>\n<figure class='gallery-item'>\n\t\t\t\t<a data-elementor-open-lightbox=\"yes\" data-elementor-lightbox-slideshow=\"ec25d91\" data-elementor-lightbox-title=\"fresco\" e-action-hash=\"#elementor-action%3Aaction%3Dlightbox%26settings%3DeyJpZCI6MTQxMSwidXJsIjoiaHR0cHM6XC9cL3RhYmVybmFkaWV6LmVzXC93cC1jb250ZW50XC91cGxvYWRzXC8yMDIyXC8wOFwvZnJlc2NvLmpwZyIsInNsaWRlc2hvdyI6ImVjMjVkOTEifQ%3D%3D\" href='https:\/\/tabernadiez.es\/wp-content\/uploads\/2022\/08\/fresco.jpg'><img width=\"1024\" height=\"679\" src=\"https:\/\/tabernadiez.es\/wp-content\/uploads\/2022\/08\/fresco-1024x679.jpg\" alt=\"\" decoding=\"async\" loading=\"lazy\" srcset=\"https:\/\/tabernadiez.es\/wp-content\/uploads\/2022\/08\/fresco-1024x679.jpg 1024w, https:\/\/tabernadiez.es\/wp-content\/uploads\/2022\/08\/fresco-300x199.jpg 300w, https:\/\/tabernadiez.es\/wp-content\/uploads\/2022\/08\/fresco-768x509.jpg 768w, https:\/\/tabernadiez.es\/wp-content\/uploads\/2022\/08\/fresco.jpg 1110w\" sizes=\"auto, (max-width: 1024px) 100vw, 1024px\" \/><\/a><br \/>\n\t\t\t<\/figure>\n<figure class='gallery-item'>\n\t\t\t\t<a data-elementor-open-lightbox=\"yes\" data-elementor-lightbox-slideshow=\"ec25d91\" data-elementor-lightbox-title=\"salmorejo\" e-action-hash=\"#elementor-action%3Aaction%3Dlightbox%26settings%3DeyJpZCI6MTQ3NSwidXJsIjoiaHR0cHM6XC9cL3RhYmVybmFkaWV6LmVzXC93cC1jb250ZW50XC91cGxvYWRzXC8yMDIyXC8xMFwvc2FsbW9yZWpvLmpwZyIsInNsaWRlc2hvdyI6ImVjMjVkOTEifQ%3D%3D\" href='https:\/\/tabernadiez.es\/wp-content\/uploads\/2022\/10\/salmorejo.jpg'><img width=\"1024\" height=\"683\" src=\"https:\/\/tabernadiez.es\/wp-content\/uploads\/2022\/10\/salmorejo-1024x683.jpg\" alt=\"\" decoding=\"async\" loading=\"lazy\" srcset=\"https:\/\/tabernadiez.es\/wp-content\/uploads\/2022\/10\/salmorejo-1024x683.jpg 1024w, https:\/\/tabernadiez.es\/wp-content\/uploads\/2022\/10\/salmorejo-300x200.jpg 300w, https:\/\/tabernadiez.es\/wp-content\/uploads\/2022\/10\/salmorejo-768x512.jpg 768w, https:\/\/tabernadiez.es\/wp-content\/uploads\/2022\/10\/salmorejo.jpg 1280w\" sizes=\"auto, (max-width: 1024px) 100vw, 1024px\" \/><\/a><br \/>\n\t\t\t<\/figure>\n<figure class='gallery-item'>\n\t\t\t\t<a data-elementor-open-lightbox=\"yes\" data-elementor-lightbox-slideshow=\"ec25d91\" data-elementor-lightbox-title=\"pulpo\" e-action-hash=\"#elementor-action%3Aaction%3Dlightbox%26settings%3DeyJpZCI6MTM2MywidXJsIjoiaHR0cHM6XC9cL3RhYmVybmFkaWV6LmVzXC93cC1jb250ZW50XC91cGxvYWRzXC8yMDIyXC8wOFwvcHVscG8uanBnIiwic2xpZGVzaG93IjoiZWMyNWQ5MSJ9\" href='https:\/\/tabernadiez.es\/wp-content\/uploads\/2022\/08\/pulpo.jpg'><img width=\"767\" height=\"1024\" src=\"https:\/\/tabernadiez.es\/wp-content\/uploads\/2022\/08\/pulpo-767x1024.jpg\" alt=\"\" decoding=\"async\" loading=\"lazy\" srcset=\"https:\/\/tabernadiez.es\/wp-content\/uploads\/2022\/08\/pulpo-767x1024.jpg 767w, https:\/\/tabernadiez.es\/wp-content\/uploads\/2022\/08\/pulpo-225x300.jpg 225w, https:\/\/tabernadiez.es\/wp-content\/uploads\/2022\/08\/pulpo-768x1025.jpg 768w, https:\/\/tabernadiez.es\/wp-content\/uploads\/2022\/08\/pulpo.jpg 1050w\" sizes=\"auto, (max-width: 767px) 100vw, 767px\" \/><\/a><br \/>\n\t\t\t<\/figure>\n<figure class='gallery-item'>\n\t\t\t\t<a data-elementor-open-lightbox=\"yes\" data-elementor-lightbox-slideshow=\"ec25d91\" data-elementor-lightbox-title=\"entrantes\" e-action-hash=\"#elementor-action%3Aaction%3Dlightbox%26settings%3DeyJpZCI6MTM2MiwidXJsIjoiaHR0cHM6XC9cL3RhYmVybmFkaWV6LmVzXC93cC1jb250ZW50XC91cGxvYWRzXC8yMDIyXC8wOFwvZW50cmFudGVzLmpwZyIsInNsaWRlc2hvdyI6ImVjMjVkOTEifQ%3D%3D\" href='https:\/\/tabernadiez.es\/wp-content\/uploads\/2022\/08\/entrantes.jpg'><img width=\"768\" height=\"1024\" src=\"https:\/\/tabernadiez.es\/wp-content\/uploads\/2022\/08\/entrantes-768x1024.jpg\" alt=\"\" decoding=\"async\" loading=\"lazy\" srcset=\"https:\/\/tabernadiez.es\/wp-content\/uploads\/2022\/08\/entrantes-768x1024.jpg 768w, https:\/\/tabernadiez.es\/wp-content\/uploads\/2022\/08\/entrantes-225x300.jpg 225w, https:\/\/tabernadiez.es\/wp-content\/uploads\/2022\/08\/entrantes.jpg 1050w\" sizes=\"auto, (max-width: 768px) 100vw, 768px\" \/><\/a><br \/>\n\t\t\t<\/figure>\n<figure class='gallery-item'>\n\t\t\t\t<a data-elementor-open-lightbox=\"yes\" data-elementor-lightbox-slideshow=\"ec25d91\" data-elementor-lightbox-title=\"jamon-beher\" e-action-hash=\"#elementor-action%3Aaction%3Dlightbox%26settings%3DeyJpZCI6MTQ3MywidXJsIjoiaHR0cHM6XC9cL3RhYmVybmFkaWV6LmVzXC93cC1jb250ZW50XC91cGxvYWRzXC8yMDIyXC8xMFwvamFtb24tYmVoZXIuanBnIiwic2xpZGVzaG93IjoiZWMyNWQ5MSJ9\" href='https:\/\/tabernadiez.es\/wp-content\/uploads\/2022\/10\/jamon-beher.jpg'><img width=\"1024\" height=\"683\" src=\"https:\/\/tabernadiez.es\/wp-content\/uploads\/2022\/10\/jamon-beher-1024x683.jpg\" alt=\"\" decoding=\"async\" loading=\"lazy\" srcset=\"https:\/\/tabernadiez.es\/wp-content\/uploads\/2022\/10\/jamon-beher-1024x683.jpg 1024w, https:\/\/tabernadiez.es\/wp-content\/uploads\/2022\/10\/jamon-beher-300x200.jpg 300w, https:\/\/tabernadiez.es\/wp-content\/uploads\/2022\/10\/jamon-beher-768x512.jpg 768w, https:\/\/tabernadiez.es\/wp-content\/uploads\/2022\/10\/jamon-beher.jpg 1280w\" sizes=\"auto, (max-width: 1024px) 100vw, 1024px\" \/><\/a><br \/>\n\t\t\t<\/figure>\n<figure class='gallery-item'>\n\t\t\t\t<a data-elementor-open-lightbox=\"yes\" data-elementor-lightbox-slideshow=\"ec25d91\" data-elementor-lightbox-title=\"68987116_2224743947573867_2643625848988499968_n\" e-action-hash=\"#elementor-action%3Aaction%3Dlightbox%26settings%3DeyJpZCI6MTQ2NiwidXJsIjoiaHR0cHM6XC9cL3RhYmVybmFkaWV6LmVzXC93cC1jb250ZW50XC91cGxvYWRzXC8yMDIyXC8xMFwvNjg5ODcxMTZfMjIyNDc0Mzk0NzU3Mzg2N18yNjQzNjI1ODQ4OTg4NDk5OTY4X24uanBnIiwic2xpZGVzaG93IjoiZWMyNWQ5MSJ9\" href='https:\/\/tabernadiez.es\/wp-content\/uploads\/2022\/10\/68987116_2224743947573867_2643625848988499968_n.jpg'><img width=\"1024\" height=\"683\" src=\"https:\/\/tabernadiez.es\/wp-content\/uploads\/2022\/10\/68987116_2224743947573867_2643625848988499968_n-1024x683.jpg\" alt=\"\" decoding=\"async\" loading=\"lazy\" srcset=\"https:\/\/tabernadiez.es\/wp-content\/uploads\/2022\/10\/68987116_2224743947573867_2643625848988499968_n-1024x683.jpg 1024w, https:\/\/tabernadiez.es\/wp-content\/uploads\/2022\/10\/68987116_2224743947573867_2643625848988499968_n-300x200.jpg 300w, https:\/\/tabernadiez.es\/wp-content\/uploads\/2022\/10\/68987116_2224743947573867_2643625848988499968_n-768x513.jpg 768w, https:\/\/tabernadiez.es\/wp-content\/uploads\/2022\/10\/68987116_2224743947573867_2643625848988499968_n-1536x1025.jpg 1536w, https:\/\/tabernadiez.es\/wp-content\/uploads\/2022\/10\/68987116_2224743947573867_2643625848988499968_n.jpg 1876w\" sizes=\"auto, (max-width: 1024px) 100vw, 1024px\" \/><\/a><br \/>\n\t\t\t<\/figure>\n<p>[grw id=\u00bb1423&#8243;]<\/p>\n<h5>CONTACTO<\/h5>\n<p>Calle Real, 68<\/p>\n<p>Estepona, M\u00e1laga<\/p>\n<p>Tel\u00e9f,: 689 43 55 37<\/p>\n<p><img loading=\"lazy\" decoding=\"async\" src=\"https:\/\/tabernadiez.es\/wp-content\/uploads\/2022\/08\/tdiez_logo.png\" alt=\"\" width=\"132\" height=\"132\" \/><\/p>\n<p>\t\t\t<iframe src=\"https:\/\/www.google.com\/maps\/embed?pb=!1m14!1m8!1m3!1d1605.1757994298798!2d-5.144631280584812!3d36.42488001837155!3m2!1i1024!2i768!4f13.1!3m3!1m2!1s0x0%3A0x3490e34ed1c049e5!2sTaberna%20Diez!5e0!3m2!1ses!2ses!4v1659459544286!5m2!1ses!2ses\" width=\"100%\" height=\"450\" style=\"border:0;\" allowfullscreen=\"\" loading=\"lazy\" referrerpolicy=\"no-referrer-when-downgrade\"><\/iframe><\/p>\n","protected":false},"excerpt":{"rendered":"<p>Tradici\u00f3n Mediterr\u00e1nea y Modernidad. RESERVAR EL RESTAURANTE Con un Diez como lema y objetivo Hace ya cuatro a\u00f1os en los que decidimos dar un cambio de rumbo en nuestro concepto gastron\u00f3mico, acerc\u00e1ndonos a la idea de fusionar tradici\u00f3n mediterr\u00e1nea y modernidad. Situados en el marco incomparable que ofrece nuestra ciudad de Estepona ( Jard\u00edn de &hellip;<\/p>\n<p class=\"read-more\"> <a class=\"\" href=\"https:\/\/tabernadiez.es\/\"> <span class=\"screen-reader-text\">Home<\/span> Leer m\u00e1s &raquo;<\/a><\/p>\n","protected":false},"author":3,"featured_media":0,"parent":0,"menu_order":0,"comment_status":"closed","ping_status":"closed","template":"elementor_header_footer","meta":{"site-sidebar-layout":"default","site-content-layout":"default","ast-global-header-display":"","ast-main-header-display":"","ast-hfb-above-header-display":"","ast-hfb-below-header-display":"","ast-hfb-mobile-header-display":"","site-post-title":"","ast-breadcrumbs-content":"","ast-featured-img":"","footer-sml-layout":"","theme-transparent-header-meta":"","adv-header-id-meta":"","stick-header-meta":"","header-above-stick-meta":"","header-main-stick-meta":"","header-below-stick-meta":"","footnotes":""},"class_list":["post-1318","page","type-page","status-publish","hentry"],"_links":{"self":[{"href":"https:\/\/tabernadiez.es\/index.php\/wp-json\/wp\/v2\/pages\/1318","targetHints":{"allow":["GET"]}}],"collection":[{"href":"https:\/\/tabernadiez.es\/index.php\/wp-json\/wp\/v2\/pages"}],"about":[{"href":"https:\/\/tabernadiez.es\/index.php\/wp-json\/wp\/v2\/types\/page"}],"author":[{"embeddable":true,"href":"https:\/\/tabernadiez.es\/index.php\/wp-json\/wp\/v2\/users\/3"}],"replies":[{"embeddable":true,"href":"https:\/\/tabernadiez.es\/index.php\/wp-json\/wp\/v2\/comments?post=1318"}],"version-history":[{"count":113,"href":"https:\/\/tabernadiez.es\/index.php\/wp-json\/wp\/v2\/pages\/1318\/revisions"}],"predecessor-version":[{"id":1541,"href":"https:\/\/tabernadiez.es\/index.php\/wp-json\/wp\/v2\/pages\/1318\/revisions\/1541"}],"wp:attachment":[{"href":"https:\/\/tabernadiez.es\/index.php\/wp-json\/wp\/v2\/media?parent=1318"}],"curies":[{"name":"wp","href":"https:\/\/api.w.org\/{rel}","templated":true}]}}